n thousands digit of 926267?
2
What is the tens digit of 245293?
9
What is the tens digit of 886518?
1
What is the tens digit of 4114033?
3
What is the hundreds digit of 3539460?
4
What is the hundred thousands digit of 3672532?
6
What is the tens digit of 4453389?
8
What is the millions digit of 7166242?
7
What is the hundred thousands digit of 1887360?
8
What is the thousands digit of 2410495?
0
What is the hundreds digit of 3824843?
8
What is the millions digit of 2955947?
2
What is the ten thousands digit of 91462?
9
What is the tens digit of 11554?
5
What is the hundred thousands digit of 39707350?
7
What is the hundreds digit of 2452378?
3
What is the ten thousands digit of 21120536?
2
What is the tens digit of 744893?
9
What is the tens digit of 6385?
8
What is the hundred thousands digit of 132643?
1
What is the thousands digit of 501909?
1
What is the hundred thousands digit of 297365?
2
What is the units digit of 5206460?
0
What is the thousands digit of 1467540?
7
What is the hundreds digit of 356324?
3
What is the hundred thousands digit of 350722?
3
What is the millions digit of 1861894?
1
What is the units digit of 362812?
2
What is the tens digit of 293444?
4
What is the millions digit of 2345445?
2
What is the ten thousands digit of 12489134?
8
What is the thousands digit of 259021?
9
What is the tens digit of 5970716?
1
What is the ten thousands digit of 774601?
7
What is the hundred thousands digit of 828079?
8
What is the millions digit of 36835461?
6
What is the units digit of 879537?
7
What is the hundred thousands digit of 4938891?
9
What is the thousands digit of 1787760?
7
What is the tens digit of 1995793?
9
What is the hundred thousands digit of 8318240?
3
What is the ten thousands digit of 72710?
7
What is the units digit of 336918?
8
What is the units digit of 5098465?
5
What is the hundred thousands digit of 619033?
6
What is the hundreds digit of 9623516?
5
What is the ten millions digit of 11248462?
1
What is the tens digit of 3323782?
8
What is the units digit of 18607?
7
What is the ten thousands digit of 224323?
2
What is the ten thousands digit of 306119?
0
What is the units digit of 37092687?
7
What is the units digit of 664636?
6
What is the hundreds digit of 1571584?
5
What is the tens digit of 4753195?
9
What is the thousands digit of 50731?
0
What is the ten thousands digit of 310098?
1
What is the tens digit of 126819?
1
What is the hundreds digit of 299322?
3
What is the thousands digit of 6609966?
9
What is the tens digit of 270272?
7
What is the hundred thousands digit of 6056009?
0
What is the ten thousands digit of 237941?
3
What is the tens digit of 15186593?
9
What is the thousands digit of 1253045?
3
What is the units digit of 2133?
3
What is the hundreds digit of 769821?
8
What is the hundred thousands digit of 225908?
2
What is the ten thousands digit of 966328?
6
What is the thousands digit of 636783?
6
What is the hundreds digit of 1207546?
5
What is the thousands digit of 10477574?
7
What is the millions digit of 1411818?
1
What is the hundreds digit of 1489111?
1
What is the ten thousands digit of 19254585?
5
What is the tens digit of 948026?
2
What is the ten thousands digit of 2439323?
3
What is the ten thousands digit of 3567996?
6
What is the thousands digit of 504075?
4
What is the hundreds digit of 2538386?
3
What is the hundred thousands digit of 24207125?
2
What is the hundreds digit of 23701840?
8
What is the hundred thousands digit of 105264?
1
What is the tens digit of 137965?
6
What is the tens digit of 29761?
6
What is the ten thousands digit of 4283102?
8
What is the units digit of 18494219?
9
What is the units digit of 285458?
8
What is the tens digit of 29108?
0
What is the ten thousands digit of 4538919?
3
What is the hundreds digit of 989565?
5
What is the hundred thousands digit of 12664985?
6
What is the hundreds digit of 701272?
2
What is the millions digit of 24890741?
4
What is the ten thousands digit of 44426?
4
What is the ten thousands digit of 2276746?
7
What is the units digit of 1324336?
6
What is the tens digit of 2779615?
1
What is the millions digit of 2803604?
2
What is the thousands digit of 1814747?
4
What is the hundred thousands digit of 698041?
6
What is the millions digit of 9466229?
9
What is the units digit of 339471?
1
What is the ten thousands digit of 426132?
2
What is the ten thousands digit of 1473715?
7
What is the hundreds digit of 274896?
8
What is the units digit of 475312?
2
What is the millions digit of 5009234?
5
What is the tens digit of 115044?
4
What is the ten thousands digit of 584988?
8
What is the thousands digit of 3140546?
0
What is the hundreds digit of 7728412?
4
What is the thousands digit of 468471?
8
What is the millions digit of 1844478?
1
What is the ten thousands digit of 317830?
1
What is the millions digit of 1150845?
1
What is the ten thousands digit of 595429?
9
What is the millions digit of 9439831?
9
What is the thousands digit of 92843?
2
What is the thousands digit of 17441698?
1
What is the millions digit of 1832100?
1
What is the tens digit of 378230?
3
What is the ten millions digit of 18336277?
1
What is the ten thousands digit of 5851621?
5
What is the hundred thousands digit of 1443333?
4
What is the hundreds digit of 33567679?
6
What is the hundred thousands digit of 2002735?
0
What is the millions digit of 21340592?
1
What is the thousands digit of 401506?
1
What is the thousands digit of 2727930?
7
What is the millions digit of 1246618?
1
What is the tens digit of 295106?
0
What is the units digit of 339052?
2
What is the ten thousands digit of 70862?
7
What is the thousands digit of 1937628?
7
What is the hundreds digit of 1729561?
5
What is the hundred thousands digit of 237780?
2
What is the tens digit of 1632280?
8
What is the units digit of 26981227?
7
What is the hundreds digit of 399777?
7
What is the ten millions digit of 28108574?
2
What is the ten thousands digit of 567046?
6
What is the hundreds digit of 801980?
9
What is the ten millions digit of 25609471?
2
What is the tens digit of 17805?
0
What is the hundred thousands digit of 4856127?
8
What is the hundreds digit of 2021419?
4
What is the tens digit of 77487?
8
What is the millions digit of 6109098?
6
What is the hundreds digit of 281750?
7
What is the thousands digit of 423956?
3
What is the hundred thousands digit of 643151?
6
What is the thousands digit of 850402?
0
What is the ten thousands digit of 360766?
6
What is the thousands digit of 637674?
7
What is the hundreds digit of 437292?
2
What is the millions digit of 27338546?
7
What is the thousands digit of 240481?
0
What is the ten thousands digit of 2665778?
6
What is the hundred thousands digit of 1387504?
3
What is the units digit of 225209?
9
What is the units digit of 11308474?
4
What is the ten thousands digit of 9086696?
8
What is the hundreds digit of 1255898?
8
What is the tens digit of 13364008?
0
What is the tens digit of 556934?
3
What is the units digit of 1478059?
9
What is the millions digit of 3013609?
3
What is the units digit of 3940952?
2
What is the hundred thousands digit of 1362774?
3
What is the hundred thousands digit of 428119?
4
What is the hundred thousands digit of 18999829?
9
What is the hundred thousands digit of 2016310?
0
What is the units digit of 481138?
8
What is the ten thousands digit of 4770035?
7
What is the tens digit of 861089?
8
What is the ten thousands digit of 323764?
2
What is the tens digit of 10621378?
7
What is the hundreds digit of 402826?
8
What is the millions digit of 1158332?
1
What is the hundred thousands digit of 4400578?
4
What is the thousands digit of 141989?
1
What is the thousands digit of 12659195?
9
What is the hundreds digit of 258272?
2
What is the units digit of 5110008?
8
What is the units digit of 140853?
3
What is the units digit of 2137087?
7
What is the hundreds digit of 12457882?
8
What is the tens digit of 3141982?
8
What is the hundred thousands digit of 21547812?
5
What is the hundred thousands digit of 719213?
7
What is the tens digit of 3917383?
8
What is the millions digit of 4852024?
4
What is the ten thousands digit of 269522?
6
What is the ten thousands digit of 270400?
7
What is the units digi